ate the highest common divisor of a and 1.
1
Let l be 75/6*(-4)/(-5). Suppose -5 + 2 = 3*h, 5*h = 5*n + 65. Let b = 104 + n. What is the highest common divisor of l and b?
10
Suppose 4*x + x - 2*t = 88, 4*x = -3*t + 52. What is the highest common factor of x and 2?
2
Let j be 16*(8/28 + 6/28). What is the highest common divisor of 4 and j?
4
Let h be (0 - -1)*-3 - -8. Let a(m) = m**3 - 4*m**2 + m - 5. Let v be a(h). What is the highest common factor of v and 50?
25
Let b(n) = -n. Let d be b(-2). Let u be 2*(d - 4 - -1). Let w be (-22 + 2)/u + 2. Calculate the greatest common factor of w and 132.
12
Suppose 2*h = 2*g - 952, -3*g + h + 957 = -g. Suppose x - g = -4*a + 48, 5*a = -3*x + 663. What is the greatest common factor of a and 12?
12
Suppose c - 14 = 3*f, 3*c - 4*c = -5*f - 20. Suppose -w = -c*w + 36. What is the highest common divisor of w and 9?
9
Let j = -164 - -274. Calculate the highest common divisor of 44 and j.
22
Let b(w) = -w**3 - 3*w**2 + 4. Suppose f = -5*c - 10, -2*f = -0*f + 5*c + 15. Let t be b(f). Calculate the highest common divisor of 18 and t.
18
Suppose 2*t - 3 = 11. What is the greatest common factor of t and 77?
7
Let u be (-12)/(-2) + (-12)/4. Suppose -3*h + 78 = 6*z - 2*z, u*h - 3*z = 57. Calculate the greatest common factor of h and 242.
22
Suppose 0 = -3*j - 0*j + 21. Suppose -5*r - 6952 = -5*m - 3*r, m + 2*r - 1388 = 0. Let z be 16/(-72) - m/(-18). What is the greatest common divisor of j and z?
7
Let z(r) = r**2 + 3*r + 1. Let u(g) = -g**3 + g**2 - g - 5. Let m be u(0). Let s be z(m). What is the greatest common factor of s and 22?
11
Let d be 15 + (-1 - 0) + -2. Let x = 6 + -4. Suppose 3*a = x*a + 3. Calculate the greatest common divisor of d and a.
3
Let i = 22 - 17. Suppose 4 = -m - 7. Let y = -6 - m. What is the greatest common factor of i and y?
5
Let s(i) = -i**3 - 12*i**2 + 15. Let l be s(-12). Calculate the greatest common factor of 75 and l.
15
Let z(y) = y**3 + y**2 - y + 96. Let s be z(0). Suppose s = j + 3*j. Let o = -56 + 92. Calculate the highest common divisor of j and o.
12
Let k be ((-75)/6)/(2/(-8)). Suppose -5*z = -5*p - k, -2*p = -z + 2 + 6. Calculate the greatest common factor of z and 6.
6
Suppose -93 = -11*p + 270. What is the highest common divisor of 66 and p?
33
Suppose r - 17 = 4*w, -5 = 2*r + 3*w + 2*w. Calculate the highest common factor of 55 and r.
5
Let k = -82 + 93. What is the highest common divisor of 11 and k?
11
Let m = 53 - 42. Suppose -32 = -2*l + 12. Calculate the highest common divisor of m and l.
11
Let z(k) = -k - 4. Let x be z(3). Let o = x - 32. Let p = o - -66. Calculate the highest common factor of 18 and p.
9
Suppose 3*z + l - 811 = -2*z, 4*z - l - 647 = 0. Calculate the greatest common divisor of 18 and z.
18
Suppose -t - 4*a = -24, 3*t - 2*a - 128 = -0*a. Let n = 433 - 417. Calculate the highest common factor of t and n.
8
Let k = 43 + -25. Suppose k = 4*r - 14. What is the highest common factor of 16 and r?
8
Suppose -4*d - 3*q + 164 = -148, -5*d - q = -379. What is the highest common factor of d and 50?
25
Let r = -31 - -291. Suppose g = -54 + r. Suppose -109 = -3*f + g. Calculate the highest common divisor of 21 and f.
21
Let p(q) = q**3 - 7*q**2 + q - 7. Let u be p(7). Suppose -4*b = -5*v - 56, -b + 14 = -u*b + 3*v. What is the highest common factor of 98 and b?
14
Let h be (-9)/(-4 - -8 - 5). What is the greatest common divisor of h and 3?
3
Let q = 7 - -13. Calculate the highest common divisor of 100 and q.
20
Let k = -53 + 80. Let o(q) = 2*q**3 + 1. Let l be o(1). What is the greatest common factor of k and l?
3
Suppose 5*g = o - 17, -2*g - g - 9 = 0. What is the greatest common divisor of 11 and o?
1
Let m be (47 - 46)/((-1)/(-4) + 0). Calculate the highest common divisor of 20 and m.
4
Let y = 270 - 145. Let v be y/45 + 2/9. Let n = -27 - -60. What is the greatest common factor of n and v?
3
Let t = -10 - -12. Suppose f = 2*q + q + 23, -t*f = -3*q - 43. What is the greatest common divisor of f and 20?
20
Let o(j) = j**2 + 490. Let l be o(0). Suppose y + 0 = -1, -5*y = 5*f - l. Calculate the greatest common divisor of 9 and f.
9
Suppose -2*a + 1 + 5 = 0. Suppose 0 = -4*b + 4*s + 220, b + a*s = -0*b + 35. Suppose -b - 71 = -k. What is the greatest common factor of 11 and k?
11
Suppose -2 = b + 2. Let t = b - -12. What is the greatest common divisor of 64 and t?
8
Let r(d) = 2*d - 12. Let u be r(10). Calculate the greatest common divisor of 1 and u.
1
Suppose 5*c - 19 = -s, 4*s - 142 = -3*c - 49. Let x = -10 - -6. Let i(u) = u**2 - 4. Let y be i(x). What is the greatest common divisor of s and y?
12
Suppose -3*p + 4*d - 12 = -0, -2*d = 0. Let w be (-14)/3*(p + 1). What is the greatest common factor of w and 126?
14
Let a be 0 + 1 + 4/4. Let h be (-325)/(-30) - a/(-12). Let z = 293 + -205. Calculate the highest common divisor of z and h.
11
Suppose n + 0*n = 0. Suppose n = -3*s + 10 + 68. Calculate the greatest common divisor of s and 13.
13
Suppose -3*y + 47 = -4*r, 3*y = 8*y - 5*r - 80. Let p(k) = 6*k**2 - k + 4. Let l be p(-5). Let o = y + l. What is the highest common factor of 22 and o?
22
Let g be (-4)/3*(-4 - -1). Suppose 0*u + g*u - 144 = 0. Calculate the highest common divisor of 90 and u.
18
Suppose 520 = -20*v + 30*v. What is the highest common factor of 26 and v?
26
Suppose -3*a = 0, -2*i = -a - 132 + 126. Let v = -1 + 4. Let p = v - 2. Calculate the highest common factor of i and p.
1
Suppose 1 = -k + i + 9, 3*i - 24 = -5*k. Calculate the greatest common divisor of 6 and k.
6
Let y be -15*(-1)/(12/8). Let d be (-8 + -2)*(-56)/y. What is the highest common divisor of 7 and d?
7
Suppose -43 = -4*o + 1. Let x = -6 + o. Calculate the highest common factor of x and 1.
1
Let m(j) = j**3 - j**2 + 2*j - 3. Let r be m(3). Calculate the greatest common divisor of r and 7.
7
Suppose 3*l = -5*t + 62, 11 = l + 3*t - 15. Suppose -5*p + 36 = z - 1, 2*p + 86 = 2*z. What is the highest common divisor of l and z?
14
Let h = -29 + 43. Suppose -2*r + h = -2. What is the highest common factor of r and 72?
8
Suppose 5*t = 23 + 7. Let y(d) = -11*d - 27. Let g be y(-3). What is the highest common divisor of g and t?
6
Let p = 6 - 9. Let b be p*(-4 + -3 + 5). What is the greatest common factor of 9 and b?
3
Suppose 3*w + 2 = 2*w, -5*n = -5*w - 115. Suppose 9 = 3*j - 12. What is the greatest common divisor of j and n?
7
Let o(y) = -y + 5. Let k be o(5). Let a(i) = -i**3 + i**2 + i + 10. Let z be a(k). Calculate the greatest common factor of 90 and z.
10
Suppose 3 = -r, 4*v + r + 3*r - 168 = 0. What is the greatest common factor of v and 18?
9
Let x = 31 - -8. Suppose 0 = n - b - 3 - 6, 5*n = 2*b + x. Calculate the highest common divisor of 14 and n.
7
Suppose 0*f + 5*f = 2*v + 6, -5*v - 73 = 2*f. Let q = v + 21. Let h(c) = -c**3 + 8*c**2 + c - 6. Let y be h(6). Calculate the greatest common factor of q and y.
8
Let a(k) = 2*k + 33. Let t be a(-15). Calculate the highest common factor of 2 and t.
1
Let l = 2 + -2. Suppose l = -2*n - 5*y - 17, 0*n + 13 = 2*n - y. Let d be (-1)/n - 85/(-20). Calculate the highest common divisor of 32 and d.
4
Let c be (-4 + 0)*17/(-4). Let h = 8 - -2. Suppose -v - 104 = -3*a, 0 = -4*v + 2 - h. What is the greatest common factor of a and c?
17
Suppose -15 = -5*h + n, 0 = -4*h + 3*h + 3*n - 11. Suppose -h*i + 2*u = -2*u - 20, 10 = -5*u. Calculate the highest common divisor of 12 and i.
3
Suppose 20 = -5*j, -2*l + j - 11 = -63. Let w = 41 - l. Calculate the highest common factor of w and 153.
17
Let y(d) = -d**2 - 2*d + 73. Let j be y(0). Let b = j - 43. Let l be 4/(-6) - (-20)/3. Calculate the greatest common divisor of b and l.
6
Suppose 5*p - 101 = -1. Let a(f) = 0*f - 2 + 2*f**2 + 0*f**2 - 2*f. Let r be a(3). Calculate the highest common divisor of r and p.
10
Suppose 0 = q + 3*q - 4524. Let s be (-4)/10 + q/15. Suppose -5*d = 4*x + x - s, -x = 2*d - 25. What is the highest common divisor of 50 and d?
10
Suppose 5*y = -5*g, -10 = -5*g - 0*y - 3*y. Suppose -2 = -o + 5*n, 4*o - g*n - 16 - 67 = 0. What is the greatest common factor of 9 and o?
9
Let f(p) = p**2 - 9*p + 9. Let a be f(6). Let j(b) = b**3 + 8*b**2 - 12*b - 9. Let h be j(a). Calculate the greatest common divisor of h and 12.
6
Let b be -5 + 5 - -3*14. Suppose 3*i + 4*u = b, 